 v - -9. Suppose c*g + 2*d + 1 = -1, 3*d + 5 = -2*g. What is the remainder when 4 is divided by g?
0
Suppose -104 = -4*z - 0*z. Calculate the remainder when (49/(-14))/(3*(-2)/156) is divided by z.
13
Let f(a) = -a**2 + 4*a. Let b be f(4). Suppose q - 3*y = -b*y + 23, -2*q + 39 = y. Let h = -13376 + 13415. What is the remainder when h is divided by q?
19
Let k(s) = 3*s**3 - 6*s**2 - 2*s - 2. Suppose 0*r + 11 = r. Suppose 2*o = 3*o - r. Calculate the remainder when k(3) is divided by o.
8
Suppose -5*o - 25 = 0, 2*p + 6*o = 3*o + 127. Let v = p - 48. Calculate the remainder when v is divided by 74/6 - 4/12.
11
Let b = -4 - -86. Suppose 22*v - 20*v = b. Calculate the remainder when v is divided by 11.
8
Let n be (-2)/(-3) - (-10)/3. Suppose -3*p = -3*a - 2 - n, 4*a + 2 = p. What is the remainder when 11 is divided by p?
1
Suppose -4*i - 23 - 9 = 0. Let d be 1 + -2 - 40/i. Calculate the remainder when 3 - (-51 + d/1) is divided by 26.
24
Suppose 0 = -3*s + 2*k - 4*k + 8, -5*s - 3*k + 13 = 0. Suppose -5*t = 5*z - 70, -4*z + 82 = 5*t - s*z. Calculate the remainder when 88 is divided by t.
16
Let k be 1152/(-21) - (-1)/(-7). Let u = 74 + k. What is the remainder when 36 is divided by u?
17
Suppose d = 4*d - 147. Suppose 171 = 4*i - d. What is the remainder when i is divided by 19?
17
Suppose -4*y + a - 38 = 0, -4*y - 4*a - 25 - 3 = 0. Let w = y + 48. Let k = -7 - -27. What is the remainder when w is divided by k?
19
Let r(t) = -2*t - 6. Let n be r(-11). Suppose -3*j = -6, -4*c + 2*c + n = -2*j. What is the remainder when -1*(-1)/((-1)/(-39)) is divided by c?
9
Suppose 31 = 4*f + c - 7, 3*c = -2*f + 14. Calculate the remainder when 503 is divided by f.
3
Suppose -6*g + 179 = 53. What is the remainder when g is divided by 14?
7
Let t(o) = -o**3 + 6*o**2 - o - 3. Suppose p = -2*y + 22, -4*y + 30 = -55*p + 56*p. Calculate the remainder when t(4) is divided by p.
11
Suppose 141*y + 496 = 145*y. What is the remainder when y is divided by 42?
40
Let y = 8 - -66. What is the remainder when y is divided by (342/(-15))/(-3)*5?
36
Suppose -174 - 46 = -10*f. Calculate the remainder when -2*3/(-6)*82 is divided by f.
16
Let c = 1019 + -936. What is the remainder when c is divided by 11?
6
Let s(x) = 3*x - 22. Let v be s(-6). Let k = v + 61. What is the remainder when 61 is divided by k?
19
Let r(u) = u**2 + 5*u - 144. What is the remainder when 77 is divided by r(12)?
17
Let t be 6 + -5 + 67/1. Suppose 2*i = -3*m + t, 0 = -5*i + m - 3*m + 181. Calculate the remainder when i is divided by (-1 - 22 - -3)/(-2).
7
Calculate the remainder when 92 is divided by ((-702)/(-45))/((-4)/(-10)).
14
Let g = -6 - 16. Let u be 4/22 + 92/g. Let y(t) = -t**2 - 6*t - 4. What is the remainder when y(u) is divided by 2?
0
Let o = 606 - 561. Calculate the remainder when 144 is divided by o.
9
Let j be (21/(-6))/7*-18. Let s be (12/j)/(1/3). Suppose 0 = s*f + 8, -2*f - 3*f - 115 = -3*o. What is the remainder when o is divided by 9?
8
Suppose 6*l - 3*l = 33. Let w = -28 - -26. Calculate the remainder when (-338)/(-8) + w/8 is divided by l.
9
Let a = -79 + 84. What is the remainder when 34 is divided by a?
4
Suppose -19 = -v - 4*z + 3*z, 0 = -5*v + 3*z + 63. Let r = -18 + 26. Suppose 3*n - r*n = -20. What is the remainder when v is divided by n?
3
Suppose -2*v + 5*v - 147 = 0. Let z = -9 + 22. What is the remainder when v is divided by z?
10
Let q(k) = -k**3 - 10*k**2 - 11*k - 16. Let p be q(-9). Let f be 6/4 - p/(-4). Calculate the remainder when 0 - 4 - -37 - f is divided by 18.
13
Let o be (-104)/3 - 7/21. Let h = o + 46. Suppose 0 = 3*v - 14 - 76. Calculate the remainder when v is divided by h.
8
Let r(y) = y**3 - 9*y**2 - 4*y + 12. Let h be r(8). What is the remainder when 24 is divided by (4/12)/((-4)/h)?
3
Let f(t) = t + 4. Let r be f(-5). Let b = 8 + r. Calculate the remainder when (-6)/2 + 11 + 17 is divided by b.
4
Suppose 0 = 2*k - 19*d + 14*d - 110, -2*k + 110 = -2*d. Calculate the remainder when k is divided by 16.
7
Let j = 17 - -4. Calculate the remainder when (182/j)/((-4)/(-18)) is divided by 14.
11
Let o(d) = -4*d**2 - 3*d - 4. Let j be o(4). Let q = j - -97. Calculate the remainder when 84 is divided by q.
16
Calculate the remainder when 8/(-1)*(-799)/68 is divided by 49.
45
Suppose 0 = 5*a + 4*u + 12, 4*u + 2 + 10 = 0. Suppose a = i - 8 - 0. Suppose 7*s = 19*s - 83 - 193. What is the remainder when s is divided by i?
7
Suppose 0 = -0*p - 5*p + 100. Let a = -5198 + 5233. What is the remainder when a is divided by p?
15
Let t be 147/(-6) - 6/4. Let l = t - -41. What is the remainder when 31 + (-5 - -2 - -1) is divided by l?
14
Suppose -11*p + 13*p = 12. Suppose -p*c + 0*c + 210 = 0. Calculate the remainder when c is divided by 20/(2 - 0) + 2.
11
Suppose 312 = 3*q - 18. Calculate the remainder when q is divided by (3/6)/(51/1428).
12
Suppose 1774 = 54*g - 21878. Calculate the remainder when g is divided by 63.
60
Let o(g) = g + 14. Let p = -11 - 2. Suppose s + 1 = 0, 2*f - 3*s - 6 = -1. What is the remainder when f is divided by o(p)?
0
Let g be (44/6 + -1)/(10/210). Let r = g + -127. Calculate the remainder when 22 is divided by r.
4
What is the remainder when 131 is divided by (-1 - (-44)/20)/((-8)/(-80))?
11
Suppose 3*g - 12 = 3*k, k = -3*g - 2*k. What is the remainder when 34 is divided by (g/(-6))/((-2)/54)?
7
Let f = 96 + -58. Let c be 10*1*3/6. Suppose -12 = -2*d + 2*o, -d + c*o - 2*o - 2 = 0. Calculate the remainder when f is divided by d.
8
Let m(d) = 4*d**2 + 2*d - 30. Let x(v) = -3*v**2 - 2*v + 28. Let k(s) = -2*m(s) - 3*x(s). Calculate the remainder when 87 is divided by k(6).
15
Suppose 23*w - 19*w + 118 = 2*x, 2*x - 5*w - 119 = 0. Let t(l) = -l**3 - 9*l**2 - 9*l - 2. Calculate the remainder when x is divided by t(-8).
3
Let m(u) = u**3 - 3*u**2 + u + 5. Let o be m(2). Suppose 47 = 5*v + 4*z, -o*v + 2*z = -3*z - 43. Calculate the remainder when 32 is divided by v.
10
Suppose 68 = 3*v - 4*c - 39, -c + 64 = 2*v. What is the remainder when v is divided by 28?
5
Let z(b) = 9*b**2 - 73*b + 195. Suppose -4*h + 55 + 5 = 0. Calculate the remainder when z(3) is divided by h.
12
Let c = 520 - 404. What is the remainder when c is divided by 6?
2
Suppose -4*l - f - f + 24 = 0, 3*f = -6. Let v(o) = o**3 - 7*o**2 + o + 2. Calculate the remainder when (0 + 4)/(-1) - 494/(-13) is divided by v(l).
7
Let y(q) = -3*q + 17. Let v be y(0). Suppose r - v - 19 = 0. What is the remainder when r is divided by 13?
10
Let r(h) = h**3 - 13*h**2 - 14*h. Let o be r(14). Suppose o = -4*q + 6 - 2. What is the remainder when (-1)/1 - 2/(-1) is divided by q?
0
Let g be 132/(-8)*80/12. Let a = 122 + g. Calculate the remainder when 21 is divided by a.
9
Suppose 3*h + 0*b = 4*b + 284, -2*h - b = -171. Let i(n) = 5*n + 165. Calculate the remainder when h is divided by i(-31).
8
Suppose 3*o + 2*o = -100. Calculate the remainder when 41 is divided by ((-56)/10)/(4 - (-88)/o).
13
Let w = -152 + 185. Calculate the remainder when w is divided by 21.
12
Let k(c) = c + 27. Let u be k(-2). Let p(h) = h**2 + 3*h + 7. Let o be p(-5). Suppose 2*s - o = u. What is the remainder when 39 is divided by s?
18
Suppose 527 = 5*s - 2*d, -12*s + 317 = -9*s - d. Calculate the remainder when 189 is divided by s.
82
Calculate the remainder when 7*18 + 14 + -15 + 3 is divided by 51.
26
Let w = 3 - 5. Let j(p) = 346*p - 8642. What is the remainder when j(25) is divided by (4/(-1))/(2/w)?
0
Suppose 2*w - 13 + 5 = 0. Suppose n = 2*n + w, 2*b + 8 = -3*n. Suppose 0 = -g - s + 6 - 4, -5*s - 8 = -g. Calculate the remainder when g is divided by b.
1
Let f be 3 + 0 - (-12 + 15). Suppose -11*t + 510 + 84 = f. Calculate the remainder when t is divided by 19.
16
Let o(d) = d**3 + 5*d**2 + 6*d + 23. Calculate the remainder when o(-4) is divided by 10.
5
Let h be 4/12 - (-46)/6. Suppose -h*k + 192 = -240. What is the remainder when k is divided by 11?
10
Suppose 3*n + 5*t = 394, -n + t = 2*n - 418. Suppose -4*w - 3*l = 37 - n, -52 = -2*w - 2*l. What is the remainder when 112 is divided by w?
20
Suppose 2*p - 7*p - 43 = -2*n, p - 53 = -4*n. Let y(d) = -d**3 + 15*d**2 - 14*d + 5. What is the remainder when y(n) is divided by 3?
2
Let u = 26 - 22. Suppose -4*f = 0, -f - 3 + 7 = u*d. Calculate the remainder when d is divided by 1.